at is the remainder when 41*1 - (-10 - -14) is divided by i(-7)?
7
Calculate the remainder when 20 is divided by 3 + -1 - 2*-2.
2
Let h = 1 + 0. Let j = 2 - -1. Suppose -4 = -j*y + 5. What is the remainder when y is divided by h?
0
Suppose 3*x - 2*y - 125 = 73, -3*y - 201 = -3*x. Suppose 0 = -g - 0*g + 3. Suppose -g*a = -a - x. What is the remainder when a is divided by 11?
10
Suppose 2*y + 13 - 41 = 0. What is the remainder when y is divided by 9?
5
Suppose 4*z = -z + 535. What is the remainder when z is divided by 27?
26
Suppose -3*c - 2*f = -84, 23 - 130 = -4*c - f. What is the remainder when 102 is divided by c?
24
Let r(i) = i**3 + 5*i**2 + 2*i + 2. Let j be r(-2). What is the remainder when 33 is divided by j - 9 - (0 - 8)?
6
Let d(z) = 7*z**3 - 23*z**2 + 9*z - 17. Let i(f) = 3*f**3 - 11*f**2 + 5*f - 9. Let y(v) = 2*d(v) - 5*i(v). What is the remainder when 73 is divided by y(8)?
16
Let g(y) = -26*y. Suppose 6 = -2*q + 4. Let a = 34 - 20. Calculate the remainder when g(q) is divided by a.
12
Suppose -2 = a - 4. Suppose 0 = -a*d - w + 11, -13 = -3*d + 4*w - 2. Suppose 20 = 7*f - d*f. Calculate the remainder when f is divided by 4.
2
Let y be 1/(15/(-6) + 3). What is the remainder when 46 is divided by 6/(y/((-32)/(-6)))?
14
Let u(o) = 12*o**2 - 2*o + 1. Calculate the remainder when 20 is divided by u(1).
9
Let u = 13 - 8. Suppose 11 = u*y - 19. Calculate the remainder when 15 is divided by y.
3
Suppose -12*r = -8*r - 64. Calculate the remainder when 62 is divided by r.
14
Suppose u - 6 = -u. Suppose 6*p + 4*o = u*p + 114, -3*p = -o - 129. What is the remainder when p is divided by 11?
9
Let p(c) = -6 + c - 2 - 3*c. Calculate the remainder when 31 is divided by p(-12).
15
Suppose p + 3*v - 123 = -p, -p + 64 = -v. What is the remainder when p is divided by 23?
17
Let s(v) = -v**3 - 3*v**2 + 9*v + 1. Let k be s(-6). Suppose 0 = f - k - 6. What is the remainder when f is divided by 21?
19
Suppose 0*o = o + 18. Suppose 4*g - 96 = g. Let t = o + g. What is the remainder when t is divided by 5?
4
Suppose 10 = 3*j - r - 19, 6 = -3*r. Let n be ((-3)/(6/28))/2. Let d = n - -12. Calculate the remainder when j is divided by d.
4
Let f(x) = -x**3 + 12*x**2 - 22*x + 21. Calculate the remainder when f(9) is divided by 26.
14
Let a(b) = -b**2 - 11*b - 5. Suppose 0 = -3*z - z - 24. Suppose s - 2*s = x - 52, 3*x - 108 = -2*s. Calculate the remainder when s is divided by a(z).
23
Suppose -p - g + 14 = 2*g, -4*g + 92 = 5*p. Let v = 215 - 137. Calculate the remainder when v is divided by p.
18
Suppose 0 = 3*l + 3*b - 292 - 41, -8 = -2*b. What is the remainder when l is divided by 27?
26
Let q = -12 - -85. What is the remainder when q is divided by 19?
16
Suppose -4*q + 0*q + 68 = 0. Suppose 0 = -2*c - 5*v - 0*v + 46, -4*c = 4*v - 116. Calculate the remainder when c is divided by q.
16
Let z be (0 + -6)/3 + 0. Let l be 614/(-4) + (-1)/z. Calculate the remainder when 12 is divided by l/(-21) + 4/(-14).
5
Suppose 0 = b - 6 - 17. What is the remainder when b is divided by (-5)/(-20) + (-31)/(-4)?
7
Let k = 20 + -17. Calculate the remainder when 11 is divided by k.
2
Let h be (-2)/(-2)*(-228)/3. Let o = 131 + h. Suppose -2*t = s + 4*s - 57, -5*s = -5*t + o. What is the remainder when 46 is divided by t?
14
Let y(l) = l**2 + 4*l + 3. Let j be 18/4*2/3. Let c be ((-6)/8)/(j/24). What is the remainder when y(c) is divided by 8?
7
Let f(i) = i**3 - 4*i - 4. Let n be f(4). Suppose -2*h + d = -49, 80 = 5*h - 2*d - n. What is the remainder when h is divided by 9?
8
Let d(h) = h**3 - 9*h**2 + 7*h + 10. Let t be d(8). Suppose -2*u + 23 = -3*l, -5*u - 47 = t*l - 152. Calculate the remainder when 36 is divided by u.
17
Let u(j) = 2*j**2 - 7*j - 3. Let r be u(6). Suppose w - r - 9 = 0. Suppose 22*i + 38 = 24*i. What is the remainder when w is divided by i?
17
Suppose 84 - 332 = -4*m. What is the remainder when m is divided by 13?
10
Suppose -3*i = -15 - 6. Let g(j) = 4*j**2. What is the remainder when i is divided by g(1)?
3
Let t = -28 - -71. Let f = t - -1. Calculate the remainder when f is divided by 15.
14
Let d = -48 + 55. What is the remainder when 69 is divided by d?
6
Let o be (-14)/(-2)*1 + 0. Let g(r) = r**2 - 5*r - 1. Let z(t) = 39*t**3 - 2*t**2 + 1. Calculate the remainder when z(1) is divided by g(o).
12
Let d(v) = v**3 - 18*v**2 - 18*v - 5. Calculate the remainder when d(19) is divided by 23/5 + 6/15.
4
Suppose -2*p = -7*p + 50. Calculate the remainder when 3/(0 - (-1)/13) is divided by p.
9
Suppose -4*x = 5*a - 25, 0*x + 2*a + 26 = 2*x. What is the remainder when 39 is divided by x?
9
Suppose 6*w = 3*w + 42. Let z = w - -2. What is the remainder when z is divided by (-3)/(-12) + (-70)/(-8)?
7
What is the remainder when 1 is divided by (9/45)/((-1)/(-5))?
0
Let r be 10*(-2 + (-15)/(-6)). Suppose 0*q + 40 = r*q. What is the remainder when 22 is divided by q?
6
Let v(y) = y**3 + 2*y**2 - 4*y. Let c be v(-3). Suppose c*l + 2 = l. Let w = 24 - l. Calculate the remainder when w is divided by 13.
12
Let o(m) = -m + 4. Let t(b) = -12*b**3 - b**2 - b. Calculate the remainder when t(-1) is divided by o(-3).
5
Suppose -5*a - 9 = 2*z, 2*z - 4*z - 2*a = 6. Calculate the remainder when 61 is divided by 10/(-15)*63/z.
19
Suppose 0 = -7*t + 14 + 49. Calculate the remainder when (-24)/18*45/(-2) is divided by t.
3
Let h(d) = d + 3. What is the remainder when 20 is divided by h(8)?
9
Suppose -12 = -0*g - g. What is the remainder when 34 is divided by g?
10
Let l be (-6)/15 - 27/(-5). Let k(w) = -w**3 + 7*w**2 - 4*w + 1. Calculate the remainder when k(l) is divided by 4/(-14) + 1659/147.
9
Suppose 0 = -n - 5, 3*z - 7 = -n + 57. Let h = 7 - 4. What is the remainder when z is divided by (2/(-6) + h)*3?
7
Let n = 7 - -61. Calculate the remainder when n is divided by 10.
8
Let f be (16/(-5))/((-2)/10). Suppose f = 4*h - 0. Suppose -65 = -4*w - 4*m + 19, h*w - 66 = 5*m. Calculate the remainder when w is divided by 7.
5
Calculate the remainder when 42 is divided by (22/4)/(5/10).
9
Suppose -2 + 11 = -3*i + 5*w, -5*i + 2*w = -4. Let p = i + 1. Suppose -2*v + 10 = 0, 0*v - 94 = -p*d - 5*v. What is the remainder when d is divided by 8?
7
Suppose x - 18 - 11 = 0. Calculate the remainder when 55 is divided by x.
26
Suppose -u + 42 = 5*d, -71 - 9 = -5*u + d. Calculate the remainder when u is divided by 9.
8
What is the remainder when (8/(-10))/(2/(-65)) is divided by 9?
8
Let s = 2 + 9. Let a be (-5)/2 - 2/(-4). What is the remainder when 30 - (-1 + a + 1) is divided by s?
10
Suppose 0 = -0*i + 4*i. Calculate the remainder when 25 is divided by 1*9 - i/2.
7
Let h(b) = -b**2 + 7*b. Suppose 4*z - 199 = -5*k, 4*z - 4*k = 119 + 53. What is the remainder when z is divided by h(4)?
10
Let c(p) = p**3 + 9*p**2 - 13*p - 3. What is the remainder when 133 is divided by c(-10)?
25
Let g(z) = z**2 + 2*z - 10. Let r(y) be the second derivative of y**2/2 + 2*y. Let k(o) = g(o) + 6*r(o). What is the remainder when 58 is divided by k(-6)?
18
Let d(b) = -b**3 + 2*b**2 + b + 2. Suppose 5*u = -113 + 323. What is the remainder when ((-20)/(-7))/(12/u) is divided by d(2)?
2
Let i = -2 + 6. Suppose i*z - 2*z - 8 = 0. Let q = z + 7. What is the remainder when 21 is divided by q?
10
Let r = -11 + 23. Suppose 0*q - q = -r. Calculate the remainder when 34 is divided by q.
10
Let q(k) = -k**3 - 6*k**2 + 5*k - 1. Suppose 3*d + 2*r - 19 = 0, -5*d = -3*d - 4*r - 2. Calculate the remainder when q(-7) is divided by d.
3
Suppose -4*w - 5*j - 1 = 0, w - 17 = j - 6. What is the remainder when (34/6)/(16/48) is divided by w?
5
Let o(t) = -4*t + 3. What is the remainder when (-546)/(-10) + 2/5 is divided by o(-4)?
17
Let x(o) = -o**2 + 8*o - 4. What is the remainder when 14 is divided by x(6)?
6
What is the remainder when (3 - 1)*(-508)/(8/(-2)) is divided by 51?
50
Suppose 0 = 12*y - 14*y + 76. Calculate the remainder when y is divided by 14.
10
Suppose -4*o - 40 = -9*o. What is the remainder when o is divided by 3 + -4*3/(-6)?
3
Let m(j) = j + 11. Let z(v) = -4*v - 4. Let d be z(-3). What is the remainder when m(d) is divided by 10?
9
Suppose 6*w = 26 + 4. Let s(d) = d**3 + 5*d**2 + 5*d + 4. Let n be s(-3). Let y = n - w. Calculate the remainder when y is divided by 2.
0
Suppose 34 = 3*v - 419. Calculate the remainder wh